{"id":74,"date":"2022-01-25T21:43:21","date_gmt":"2022-01-25T21:43:21","guid":{"rendered":"https:\/\/elektromedi.hu\/?page_id=74"},"modified":"2022-02-20T17:54:11","modified_gmt":"2022-02-20T17:54:11","slug":"bemutatkozas","status":"publish","type":"page","link":"https:\/\/elektromedi.hu\/?page_id=74","title":{"rendered":"Bemutatkoz\u00e1s"},"content":{"rendered":"\r\n<h4>Lab\u00e1di P\u00e1ln\u00e9<br \/>Elektrofiziol\u00f3gus<br \/>Gy\u00f3gy\u00e1szati seg\u00e9deszk\u00f6z forgalmaz\u00f3<\/h4>\r\n<p>2003-ban szereztem az elektrofiziol\u00f3giai szakk\u00e9pes\u00edt\u00e9semet a Szegedi Tudom\u00e1nyegyetemen.<br \/>A h\u00e1rom szakter\u00fcletet fel\u00f6lel\u0151 v\u00e9gzetts\u00e9gem mag\u00e1ba foglalja az audiol\u00f3gi\u00e1t, neurol\u00f3gi\u00e1t \u00e9s<br \/>szem\u00e9szetet.<br \/>A k\u00f6zel 20 \u00e9v alatt t\u00f6bb ezer p\u00e1ciens audiol\u00f3giai \u00e9s EEG vizsg\u00e1lat\u00e1t v\u00e9geztem a szentesi Dr.<\/p>\r\n\r\n\r\n\r\n<p>Bugyi Istv\u00e1n K\u00f3rh\u00e1z rendel\u0151int\u00e9zet\u00e9ben.<br \/>15 \u00e9ve saj\u00e1t c\u00e9get alap\u00edtva foglalkozom nagy elhivatotts\u00e1ggal a nagyothall\u00f3k<br \/>hall\u00e1srehabilit\u00e1ci\u00f3j\u00e1val. A hall\u00f3k\u00e9sz\u00fcl\u00e9k illeszt\u00e9se, forgalmaz\u00e1sa sor\u00e1n sikeresen tettem jobb\u00e1<br \/>p\u00e1cienseink \u00e9letmin\u0151s\u00e9g\u00e9t, mely mindig pozit\u00edv \u00e9let\u00e9rz\u00e9ssel t\u00f6lt fel.<br \/>Az \u00fcgyfelek egy\u00e9ni ig\u00e9nyeit \u00e9s a szakmai szempontokat figyelembe v\u00e9ve egy\u00fcttesen<br \/>v\u00e1lasztjuk ki a legmegfelel\u0151bb megold\u00e1sokat.<\/p>\r\n\r\n\r\n\r\n<p>Gy\u00f3gy\u00e1szati seg\u00e9deszk\u00f6z forgalmaz\u00f3k\u00e9nt a hall\u00e1srehabilit\u00e1ci\u00f3ra szorul\u00f3 p\u00e1cienseken k\u00edv\u00fcl<br \/>m\u00e1s seg\u00e9deszk\u00f6zt ig\u00e9nyl\u0151 eg\u00e9szs\u00e9g\u00fcgyi probl\u00e9m\u00e1val k\u00fczd\u0151k is fordulhatnak hozz\u00e1m<br \/>bizalommal.<\/p>\r\n","protected":false},"excerpt":{"rendered":"<p>Lab\u00e1di P\u00e1ln\u00e9Elektrofiziol\u00f3gusGy\u00f3gy\u00e1szati seg\u00e9deszk\u00f6z forgalmaz\u00f3 2003-ban szereztem az elektrofiziol\u00f3giai szakk\u00e9pes\u00edt\u00e9semet a &hellip; <\/p>\n","protected":false},"author":1,"featured_media":0,"parent":0,"menu_order":0,"comment_status":"closed","ping_status":"closed","template":"","meta":{"spay_email":"","footnotes":""},"class_list":["post-74","page","type-page","status-publish","hentry"],"yoast_head":"<!-- This site is optimized with the Yoast SEO plugin v17.8 - https:\/\/yoast.com\/wordpress\/plugins\/seo\/ -->\n<title>Bemutatkoz\u00e1s - ELEKTRO-MEDI Hall\u00f3k\u00e9sz\u00fcl\u00e9k \u00e9s Gy\u00f3gy\u00e1szati Seg\u00e9deszk\u00f6z Szak\u00fczlet<\/title>\n<meta name=\"robots\" content=\"index, follow, max-snippet:-1, max-image-preview:large, max-video-preview:-1\" \/>\n<link rel=\"canonical\" href=\"https:\/\/elektromedi.hu\/?page_id=74\" \/>\n<meta property=\"og:locale\" content=\"hu_HU\" \/>\n<meta property=\"og:type\" content=\"article\" \/>\n<meta property=\"og:title\" content=\"Bemutatkoz\u00e1s - ELEKTRO-MEDI Hall\u00f3k\u00e9sz\u00fcl\u00e9k \u00e9s Gy\u00f3gy\u00e1szati Seg\u00e9deszk\u00f6z Szak\u00fczlet\" \/>\n<meta property=\"og:description\" content=\"Lab\u00e1di P\u00e1ln\u00e9Elektrofiziol\u00f3gusGy\u00f3gy\u00e1szati seg\u00e9deszk\u00f6z forgalmaz\u00f3 2003-ban szereztem az elektrofiziol\u00f3giai szakk\u00e9pes\u00edt\u00e9semet a &hellip;\" \/>\n<meta property=\"og:url\" content=\"https:\/\/elektromedi.hu\/?page_id=74\" \/>\n<meta property=\"og:site_name\" content=\"ELEKTRO-MEDI Hall\u00f3k\u00e9sz\u00fcl\u00e9k \u00e9s Gy\u00f3gy\u00e1szati Seg\u00e9deszk\u00f6z Szak\u00fczlet\" \/>\n<meta property=\"article:modified_time\" content=\"2022-02-20T17:54:11+00:00\" \/>\n<meta name=\"twitter:card\" content=\"summary_large_image\" \/>\n<meta name=\"twitter:label1\" content=\"Becs\u00fclt olvas\u00e1si id\u0151\" \/>\n\t<meta name=\"twitter:data1\" content=\"1 perc\" \/>\n<script type=\"application\/ld+json\" class=\"yoast-schema-graph\">{\"@context\":\"https:\/\/schema.org\",\"@graph\":[{\"@type\":\"WebSite\",\"@id\":\"https:\/\/elektromedi.hu\/#website\",\"url\":\"https:\/\/elektromedi.hu\/\",\"name\":\"ELEKTRO-MEDI Hall\\u00f3k\\u00e9sz\\u00fcl\\u00e9k \\u00e9s Gy\\u00f3gy\\u00e1szati Seg\\u00e9deszk\\u00f6z Szak\\u00fczlet\",\"description\":\"Munkat\\u00e1rsaink t\\u00f6bb \\u00e9vtizedes szakmai tapasztalattal seg\\u00edtik az \\u00fcgyfelek  audiol\\u00f3giai vizsg\\u00e1lat\\u00e1t, rehabilit\\u00e1ci\\u00f3s \\u00e9s gy\\u00f3gy\\u00e1szati seg\\u00e9deszk\\u00f6z\\u00f6kkel t\\u00f6rt\\u00e9n\\u0151 ell\\u00e1t\\u00e1s\\u00e1t.\",\"potentialAction\":[{\"@type\":\"SearchAction\",\"target\":{\"@type\":\"EntryPoint\",\"urlTemplate\":\"https:\/\/elektromedi.hu\/?s={search_term_string}\"},\"query-input\":\"required name=search_term_string\"}],\"inLanguage\":\"hu\"},{\"@type\":\"WebPage\",\"@id\":\"https:\/\/elektromedi.hu\/?page_id=74#webpage\",\"url\":\"https:\/\/elektromedi.hu\/?page_id=74\",\"name\":\"Bemutatkoz\\u00e1s - ELEKTRO-MEDI Hall\\u00f3k\\u00e9sz\\u00fcl\\u00e9k \\u00e9s Gy\\u00f3gy\\u00e1szati Seg\\u00e9deszk\\u00f6z Szak\\u00fczlet\",\"isPartOf\":{\"@id\":\"https:\/\/elektromedi.hu\/#website\"},\"datePublished\":\"2022-01-25T21:43:21+00:00\",\"dateModified\":\"2022-02-20T17:54:11+00:00\",\"breadcrumb\":{\"@id\":\"https:\/\/elektromedi.hu\/?page_id=74#breadcrumb\"},\"inLanguage\":\"hu\",\"potentialAction\":[{\"@type\":\"ReadAction\",\"target\":[\"https:\/\/elektromedi.hu\/?page_id=74\"]}]},{\"@type\":\"BreadcrumbList\",\"@id\":\"https:\/\/elektromedi.hu\/?page_id=74#breadcrumb\",\"itemListElement\":[{\"@type\":\"ListItem\",\"position\":1,\"name\":\"Kezd\\u0151lap\",\"item\":\"https:\/\/elektromedi.hu\/\"},{\"@type\":\"ListItem\",\"position\":2,\"name\":\"Bemutatkoz\\u00e1s\"}]}]}<\/script>\n<!-- \/ Yoast SEO plugin. -->","yoast_head_json":{"title":"Bemutatkoz\u00e1s - ELEKTRO-MEDI Hall\u00f3k\u00e9sz\u00fcl\u00e9k \u00e9s Gy\u00f3gy\u00e1szati Seg\u00e9deszk\u00f6z Szak\u00fczlet","robots":{"index":"index","follow":"follow","max-snippet":"max-snippet:-1","max-image-preview":"max-image-preview:large","max-video-preview":"max-video-preview:-1"},"canonical":"https:\/\/elektromedi.hu\/?page_id=74","og_locale":"hu_HU","og_type":"article","og_title":"Bemutatkoz\u00e1s - ELEKTRO-MEDI Hall\u00f3k\u00e9sz\u00fcl\u00e9k \u00e9s Gy\u00f3gy\u00e1szati Seg\u00e9deszk\u00f6z Szak\u00fczlet","og_description":"Lab\u00e1di P\u00e1ln\u00e9Elektrofiziol\u00f3gusGy\u00f3gy\u00e1szati seg\u00e9deszk\u00f6z forgalmaz\u00f3 2003-ban szereztem az elektrofiziol\u00f3giai szakk\u00e9pes\u00edt\u00e9semet a &hellip;","og_url":"https:\/\/elektromedi.hu\/?page_id=74","og_site_name":"ELEKTRO-MEDI Hall\u00f3k\u00e9sz\u00fcl\u00e9k \u00e9s Gy\u00f3gy\u00e1szati Seg\u00e9deszk\u00f6z Szak\u00fczlet","article_modified_time":"2022-02-20T17:54:11+00:00","twitter_card":"summary_large_image","twitter_misc":{"Becs\u00fclt olvas\u00e1si id\u0151":"1 perc"},"schema":{"@context":"https:\/\/schema.org","@graph":[{"@type":"WebSite","@id":"https:\/\/elektromedi.hu\/#website","url":"https:\/\/elektromedi.hu\/","name":"ELEKTRO-MEDI Hall\u00f3k\u00e9sz\u00fcl\u00e9k \u00e9s Gy\u00f3gy\u00e1szati Seg\u00e9deszk\u00f6z Szak\u00fczlet","description":"Munkat\u00e1rsaink t\u00f6bb \u00e9vtizedes szakmai tapasztalattal seg\u00edtik az \u00fcgyfelek  audiol\u00f3giai vizsg\u00e1lat\u00e1t, rehabilit\u00e1ci\u00f3s \u00e9s gy\u00f3gy\u00e1szati seg\u00e9deszk\u00f6z\u00f6kkel t\u00f6rt\u00e9n\u0151 ell\u00e1t\u00e1s\u00e1t.","potentialAction":[{"@type":"SearchAction","target":{"@type":"EntryPoint","urlTemplate":"https:\/\/elektromedi.hu\/?s={search_term_string}"},"query-input":"required name=search_term_string"}],"inLanguage":"hu"},{"@type":"WebPage","@id":"https:\/\/elektromedi.hu\/?page_id=74#webpage","url":"https:\/\/elektromedi.hu\/?page_id=74","name":"Bemutatkoz\u00e1s - ELEKTRO-MEDI Hall\u00f3k\u00e9sz\u00fcl\u00e9k \u00e9s Gy\u00f3gy\u00e1szati Seg\u00e9deszk\u00f6z Szak\u00fczlet","isPartOf":{"@id":"https:\/\/elektromedi.hu\/#website"},"datePublished":"2022-01-25T21:43:21+00:00","dateModified":"2022-02-20T17:54:11+00:00","breadcrumb":{"@id":"https:\/\/elektromedi.hu\/?page_id=74#breadcrumb"},"inLanguage":"hu","potentialAction":[{"@type":"ReadAction","target":["https:\/\/elektromedi.hu\/?page_id=74"]}]},{"@type":"BreadcrumbList","@id":"https:\/\/elektromedi.hu\/?page_id=74#breadcrumb","itemListElement":[{"@type":"ListItem","position":1,"name":"Kezd\u0151lap","item":"https:\/\/elektromedi.hu\/"},{"@type":"ListItem","position":2,"name":"Bemutatkoz\u00e1s"}]}]}},"_links":{"self":[{"href":"https:\/\/elektromedi.hu\/index.php?rest_route=\/wp\/v2\/pages\/74","targetHints":{"allow":["GET"]}}],"collection":[{"href":"https:\/\/elektromedi.hu\/index.php?rest_route=\/wp\/v2\/pages"}],"about":[{"href":"https:\/\/elektromedi.hu\/index.php?rest_route=\/wp\/v2\/types\/page"}],"author":[{"embeddable":true,"href":"https:\/\/elektromedi.hu\/index.php?rest_route=\/wp\/v2\/users\/1"}],"replies":[{"embeddable":true,"href":"https:\/\/elektromedi.hu\/index.php?rest_route=%2Fwp%2Fv2%2Fcomments&post=74"}],"version-history":[{"count":2,"href":"https:\/\/elektromedi.hu\/index.php?rest_route=\/wp\/v2\/pages\/74\/revisions"}],"predecessor-version":[{"id":272,"href":"https:\/\/elektromedi.hu\/index.php?rest_route=\/wp\/v2\/pages\/74\/revisions\/272"}],"wp:attachment":[{"href":"https:\/\/elektromedi.hu\/index.php?rest_route=%2Fwp%2Fv2%2Fmedia&parent=74"}],"curies":[{"name":"wp","href":"https:\/\/api.w.org\/{rel}","templated":true}]}}

Bemutatkozás

<h4>Labádi Pálné<br />Elektrofiziológus<br />Gyógyászati segédeszköz forgalmazó</h4>
<p>2003-ban szereztem az elektrofiziológiai szakképesítésemet a Szegedi Tudományegyetemen.<br />A három szakterületet felölelő végzettségem magába foglalja az audiológiát, neurológiát és<br />szemészetet.<br />A közel 20 év alatt több ezer páciens audiológiai és EEG vizsgálatát végeztem a szentesi Dr.</p>



<p>Bugyi István Kórház rendelőintézetében.<br />15 éve saját céget alapítva foglalkozom nagy elhivatottsággal a nagyothallók<br />hallásrehabilitációjával. A hallókészülék illesztése, forgalmazása során sikeresen tettem jobbá<br />pácienseink életminőségét, mely mindig pozitív életérzéssel tölt fel.<br />Az ügyfelek egyéni igényeit és a szakmai szempontokat figyelembe véve együttesen<br />választjuk ki a legmegfelelőbb megoldásokat.</p>



<p>Gyógyászati segédeszköz forgalmazóként a hallásrehabilitációra szoruló pácienseken kívül<br />más segédeszközt igénylő egészségügyi problémával küzdők is fordulhatnak hozzám<br />bizalommal.</p>

<p>Labádi PálnéElektrofiziológusGyógyászati segédeszköz forgalmazó 2003-ban szereztem az elektrofiziológiai szakképesítésemet a &hellip; </p>

<!-- This site is optimized with the Yoast SEO plugin v17.8 - https://yoast.com/wordpress/plugins/seo/ -->
<title>Bemutatkozás - ELEKTRO-MEDI Hallókészülék és Gyógyászati Segédeszköz Szaküzlet</title>
<meta name="robots" content="index, follow, max-snippet:-1, max-image-preview:large, max-video-preview:-1" />
<link rel="canonical" href="https://elektromedi.hu/?page_id=74" />
<meta property="og:locale" content="hu_HU" />
<meta property="og:type" content="article" />
<meta property="og:title" content="Bemutatkozás - ELEKTRO-MEDI Hallókészülék és Gyógyászati Segédeszköz Szaküzlet" />
<meta property="og:description" content="Labádi PálnéElektrofiziológusGyógyászati segédeszköz forgalmazó 2003-ban szereztem az elektrofiziológiai szakképesítésemet a &hellip;" />
<meta property="og:url" content="https://elektromedi.hu/?page_id=74" />
<meta property="og:site_name" content="ELEKTRO-MEDI Hallókészülék és Gyógyászati Segédeszköz Szaküzlet" />
<meta property="article:modified_time" content="2022-02-20T17:54:11+00:00" />
<meta name="twitter:card" content="summary_large_image" />
<meta name="twitter:label1" content="Becsült olvasási idő" />
	<meta name="twitter:data1" content="1 perc" />
<script type="application/ld+json" class="yoast-schema-graph">{"@context":"https://schema.org","@graph":[{"@type":"WebSite","@id":"https://elektromedi.hu/#website","url":"https://elektromedi.hu/","name":"ELEKTRO-MEDI Hall\u00f3k\u00e9sz\u00fcl\u00e9k \u00e9s Gy\u00f3gy\u00e1szati Seg\u00e9deszk\u00f6z Szak\u00fczlet","description":"Munkat\u00e1rsaink t\u00f6bb \u00e9vtizedes szakmai tapasztalattal seg\u00edtik az \u00fcgyfelek  audiol\u00f3giai vizsg\u00e1lat\u00e1t, rehabilit\u00e1ci\u00f3s \u00e9s gy\u00f3gy\u00e1szati seg\u00e9deszk\u00f6z\u00f6kkel t\u00f6rt\u00e9n\u0151 ell\u00e1t\u00e1s\u00e1t.","potentialAction":[{"@type":"SearchAction","target":{"@type":"EntryPoint","urlTemplate":"https://elektromedi.hu/?s={search_term_string}"},"query-input":"required name=search_term_string"}],"inLanguage":"hu"},{"@type":"WebPage","@id":"https://elektromedi.hu/?page_id=74#webpage","url":"https://elektromedi.hu/?page_id=74","name":"Bemutatkoz\u00e1s - ELEKTRO-MEDI Hall\u00f3k\u00e9sz\u00fcl\u00e9k \u00e9s Gy\u00f3gy\u00e1szati Seg\u00e9deszk\u00f6z Szak\u00fczlet","isPartOf":{"@id":"https://elektromedi.hu/#website"},"datePublished":"2022-01-25T21:43:21+00:00","dateModified":"2022-02-20T17:54:11+00:00","breadcrumb":{"@id":"https://elektromedi.hu/?page_id=74#breadcrumb"},"inLanguage":"hu","potentialAction":[{"@type":"ReadAction","target":["https://elektromedi.hu/?page_id=74"]}]},{"@type":"BreadcrumbList","@id":"https://elektromedi.hu/?page_id=74#breadcrumb","itemListElement":[{"@type":"ListItem","position":1,"name":"Kezd\u0151lap","item":"https://elektromedi.hu/"},{"@type":"ListItem","position":2,"name":"Bemutatkoz\u00e1s"}]}]}</script>
<!-- / Yoast SEO plugin. -->

Bemutatkozás - ELEKTRO-MEDI Hallókészülék és Gyógyászati Segédeszköz Szaküzlet

Labádi PálnéElektrofiziológusGyógyászati segédeszköz forgalmazó 2003-ban szereztem az elektrofiziológiai szakképesítésemet a &hellip;

ELEKTRO-MEDI Hallókészülék és Gyógyászati Segédeszköz Szaküzlet

Munkatársaink több évtizedes szakmai tapasztalattal segítik az ügyfelek  audiológiai vizsgálatát, rehabilitációs és gyógyászati segédeszközökkel történő ellátását.

Kezdőlap
