{"id":72,"date":"2022-01-25T21:42:10","date_gmt":"2022-01-25T21:42:10","guid":{"rendered":"https:\/\/elektromedi.hu\/?page_id=72"},"modified":"2022-01-25T21:42:11","modified_gmt":"2022-01-25T21:42:11","slug":"rolunk","status":"publish","type":"page","link":"https:\/\/elektromedi.hu\/?page_id=72","title":{"rendered":"R\u00f3lunk"},"content":{"rendered":"\n<div class=\"wp-block-image\"><figure class=\"aligncenter size-full is-resized\"><img loading=\"lazy\" decoding=\"async\" src=\"https:\/\/elektromedi.hu\/wp-content\/uploads\/2022\/01\/cropped-cropped-logo.jpg\" alt=\"\" class=\"wp-image-46\" width=\"191\" height=\"191\" srcset=\"https:\/\/elektromedi.hu\/wp-content\/uploads\/2022\/01\/cropped-cropped-logo.jpg 512w, https:\/\/elektromedi.hu\/wp-content\/uploads\/2022\/01\/cropped-cropped-logo-300x300.jpg 300w, https:\/\/elektromedi.hu\/wp-content\/uploads\/2022\/01\/cropped-cropped-logo-150x150.jpg 150w, https:\/\/elektromedi.hu\/wp-content\/uploads\/2022\/01\/cropped-cropped-logo-60x60.jpg 60w\" sizes=\"auto, (max-width: 191px) 100vw, 191px\" \/><\/figure><\/div>\n\n\n\n<p> 2005-ben alakult v\u00e1llalkoz\u00e1sunk. Gy\u00f3gy\u00e1szati seg\u00e9deszk\u00f6z\u00f6k, hall\u00f3k\u00e9sz\u00fcl\u00e9kek \u00e9s tartoz\u00e9kaik,<br>eg\u00e9szs\u00e9gmeg\u0151rz\u0151 \u00e9s gy\u00f3gy\u00e1szati term\u00e9kek forgalmaz\u00e1s\u00e1val , valamint audiol\u00f3giai vizsg\u00e1latok<br>elv\u00e9gz\u00e9s\u00e9vel foglalkozunk.<br>Sz\u00e1mos gy\u00f3gy\u00e1szati seg\u00e9deszk\u00f6zt \u00e9s hall\u00f3k\u00e9sz\u00fcl\u00e9ket gy\u00e1rt\u00f3 \u00e9s forgalmaz\u00f3 c\u00e9ggel vagyunk<br>\u00fczleti kapcsolatban.<br>T\u00f6bb ezer term\u00e9kek el\u00e9rhet\u0151s\u00e9g\u00e9t biztos\u00edtjuk nagykereskedelmi partnereinken kereszt\u00fcl.<br>Szak\u00fczlet\u00fcnkben a TB \u00e1ltal t\u00e1mogatott term\u00e9kek is megtal\u00e1lhat\u00f3ak.<br>Mag\u00e1n eg\u00e9szs\u00e9gp\u00e9nzt\u00e1ri szolg\u00e1ltat\u00e1s ig\u00e9nybev\u00e9tel\u00e9re is lehet\u0151s\u00e9get biztos\u00edtunk.<br>A gy\u00f3gy\u00e1szati seg\u00e9deszk\u00f6z v\u00e9nyeket bev\u00e1lthatj\u00e1k n\u00e1lunk melyhez teljesk\u00f6r\u0171 NEAK<br>\u00fcgyint\u00e9z\u00e9st biztos\u00edtunk.<br>Ak\u00e1r otthon\u00e1ban is seg\u00edt\u00fcnk felm\u00e9rni a p\u00e1cienseinknek a gy\u00f3gy\u00e1szati seg\u00e9deszk\u00f6z ig\u00e9nyeit,<br>bele\u00e9rtve az otthon\u00e1pol\u00e1si term\u00e9keket , a mozg\u00e1skorl\u00e1tozottak sz\u00e1m\u00e1ra mozg\u00e1st seg\u00edt\u0151<br>eszk\u00f6z\u00f6ket, v\u00e9rcukorszintm\u00e9r\u0151ket, v\u00e9rnyom\u00e1sm\u00e9r\u0151ket stb. <\/p>\n\n\n\n<p><\/p>\n","protected":false},"excerpt":{"rendered":"<p>2005-ben alakult v\u00e1llalkoz\u00e1sunk. Gy\u00f3gy\u00e1szati seg\u00e9deszk\u00f6z\u00f6k, hall\u00f3k\u00e9sz\u00fcl\u00e9kek \u00e9s tartoz\u00e9kaik,eg\u00e9szs\u00e9gmeg\u0151rz\u0151 \u00e9s gy\u00f3gy\u00e1szati &hellip; <\/p>\n","protected":false},"author":1,"featured_media":0,"parent":0,"menu_order":0,"comment_status":"closed","ping_status":"closed","template":"","meta":{"spay_email":"","footnotes":""},"class_list":["post-72","page","type-page","status-publish","hentry"],"yoast_head":"<!-- This site is optimized with the Yoast SEO plugin v17.8 - https:\/\/yoast.com\/wordpress\/plugins\/seo\/ -->\n<title>R\u00f3lunk - ELEKTRO-MEDI Hall\u00f3k\u00e9sz\u00fcl\u00e9k \u00e9s Gy\u00f3gy\u00e1szati Seg\u00e9deszk\u00f6z Szak\u00fczlet<\/title>\n<meta name=\"robots\" content=\"index, follow, max-snippet:-1, max-image-preview:large, max-video-preview:-1\" \/>\n<link rel=\"canonical\" href=\"https:\/\/elektromedi.hu\/?page_id=72\" \/>\n<meta property=\"og:locale\" content=\"hu_HU\" \/>\n<meta property=\"og:type\" content=\"article\" \/>\n<meta property=\"og:title\" content=\"R\u00f3lunk - ELEKTRO-MEDI Hall\u00f3k\u00e9sz\u00fcl\u00e9k \u00e9s Gy\u00f3gy\u00e1szati Seg\u00e9deszk\u00f6z Szak\u00fczlet\" \/>\n<meta property=\"og:description\" content=\"2005-ben alakult v\u00e1llalkoz\u00e1sunk. Gy\u00f3gy\u00e1szati seg\u00e9deszk\u00f6z\u00f6k, hall\u00f3k\u00e9sz\u00fcl\u00e9kek \u00e9s tartoz\u00e9kaik,eg\u00e9szs\u00e9gmeg\u0151rz\u0151 \u00e9s gy\u00f3gy\u00e1szati &hellip;\" \/>\n<meta property=\"og:url\" content=\"https:\/\/elektromedi.hu\/?page_id=72\" \/>\n<meta property=\"og:site_name\" content=\"ELEKTRO-MEDI Hall\u00f3k\u00e9sz\u00fcl\u00e9k \u00e9s Gy\u00f3gy\u00e1szati Seg\u00e9deszk\u00f6z Szak\u00fczlet\" \/>\n<meta property=\"article:modified_time\" content=\"2022-01-25T21:42:11+00:00\" \/>\n<meta property=\"og:image\" content=\"https:\/\/elektromedi.hu\/wp-content\/uploads\/2022\/01\/cropped-cropped-logo.jpg\" \/>\n<meta name=\"twitter:card\" content=\"summary_large_image\" \/>\n<meta name=\"twitter:label1\" content=\"Becs\u00fclt olvas\u00e1si id\u0151\" \/>\n\t<meta name=\"twitter:data1\" content=\"1 perc\" \/>\n<script type=\"application\/ld+json\" class=\"yoast-schema-graph\">{\"@context\":\"https:\/\/schema.org\",\"@graph\":[{\"@type\":\"WebSite\",\"@id\":\"https:\/\/elektromedi.hu\/#website\",\"url\":\"https:\/\/elektromedi.hu\/\",\"name\":\"ELEKTRO-MEDI Hall\\u00f3k\\u00e9sz\\u00fcl\\u00e9k \\u00e9s Gy\\u00f3gy\\u00e1szati Seg\\u00e9deszk\\u00f6z Szak\\u00fczlet\",\"description\":\"Munkat\\u00e1rsaink t\\u00f6bb \\u00e9vtizedes szakmai tapasztalattal seg\\u00edtik az \\u00fcgyfelek  audiol\\u00f3giai vizsg\\u00e1lat\\u00e1t, rehabilit\\u00e1ci\\u00f3s \\u00e9s gy\\u00f3gy\\u00e1szati seg\\u00e9deszk\\u00f6z\\u00f6kkel t\\u00f6rt\\u00e9n\\u0151 ell\\u00e1t\\u00e1s\\u00e1t.\",\"potentialAction\":[{\"@type\":\"SearchAction\",\"target\":{\"@type\":\"EntryPoint\",\"urlTemplate\":\"https:\/\/elektromedi.hu\/?s={search_term_string}\"},\"query-input\":\"required name=search_term_string\"}],\"inLanguage\":\"hu\"},{\"@type\":\"ImageObject\",\"@id\":\"https:\/\/elektromedi.hu\/?page_id=72#primaryimage\",\"inLanguage\":\"hu\",\"url\":\"https:\/\/elektromedi.hu\/wp-content\/uploads\/2022\/01\/cropped-cropped-logo.jpg\",\"contentUrl\":\"https:\/\/elektromedi.hu\/wp-content\/uploads\/2022\/01\/cropped-cropped-logo.jpg\",\"width\":512,\"height\":512},{\"@type\":\"WebPage\",\"@id\":\"https:\/\/elektromedi.hu\/?page_id=72#webpage\",\"url\":\"https:\/\/elektromedi.hu\/?page_id=72\",\"name\":\"R\\u00f3lunk - ELEKTRO-MEDI Hall\\u00f3k\\u00e9sz\\u00fcl\\u00e9k \\u00e9s Gy\\u00f3gy\\u00e1szati Seg\\u00e9deszk\\u00f6z Szak\\u00fczlet\",\"isPartOf\":{\"@id\":\"https:\/\/elektromedi.hu\/#website\"},\"primaryImageOfPage\":{\"@id\":\"https:\/\/elektromedi.hu\/?page_id=72#primaryimage\"},\"datePublished\":\"2022-01-25T21:42:10+00:00\",\"dateModified\":\"2022-01-25T21:42:11+00:00\",\"breadcrumb\":{\"@id\":\"https:\/\/elektromedi.hu\/?page_id=72#breadcrumb\"},\"inLanguage\":\"hu\",\"potentialAction\":[{\"@type\":\"ReadAction\",\"target\":[\"https:\/\/elektromedi.hu\/?page_id=72\"]}]},{\"@type\":\"BreadcrumbList\",\"@id\":\"https:\/\/elektromedi.hu\/?page_id=72#breadcrumb\",\"itemListElement\":[{\"@type\":\"ListItem\",\"position\":1,\"name\":\"Kezd\\u0151lap\",\"item\":\"https:\/\/elektromedi.hu\/\"},{\"@type\":\"ListItem\",\"position\":2,\"name\":\"R\\u00f3lunk\"}]}]}<\/script>\n<!-- \/ Yoast SEO plugin. -->","yoast_head_json":{"title":"R\u00f3lunk - ELEKTRO-MEDI Hall\u00f3k\u00e9sz\u00fcl\u00e9k \u00e9s Gy\u00f3gy\u00e1szati Seg\u00e9deszk\u00f6z Szak\u00fczlet","robots":{"index":"index","follow":"follow","max-snippet":"max-snippet:-1","max-image-preview":"max-image-preview:large","max-video-preview":"max-video-preview:-1"},"canonical":"https:\/\/elektromedi.hu\/?page_id=72","og_locale":"hu_HU","og_type":"article","og_title":"R\u00f3lunk - ELEKTRO-MEDI Hall\u00f3k\u00e9sz\u00fcl\u00e9k \u00e9s Gy\u00f3gy\u00e1szati Seg\u00e9deszk\u00f6z Szak\u00fczlet","og_description":"2005-ben alakult v\u00e1llalkoz\u00e1sunk. Gy\u00f3gy\u00e1szati seg\u00e9deszk\u00f6z\u00f6k, hall\u00f3k\u00e9sz\u00fcl\u00e9kek \u00e9s tartoz\u00e9kaik,eg\u00e9szs\u00e9gmeg\u0151rz\u0151 \u00e9s gy\u00f3gy\u00e1szati &hellip;","og_url":"https:\/\/elektromedi.hu\/?page_id=72","og_site_name":"ELEKTRO-MEDI Hall\u00f3k\u00e9sz\u00fcl\u00e9k \u00e9s Gy\u00f3gy\u00e1szati Seg\u00e9deszk\u00f6z Szak\u00fczlet","article_modified_time":"2022-01-25T21:42:11+00:00","og_image":[{"url":"https:\/\/elektromedi.hu\/wp-content\/uploads\/2022\/01\/cropped-cropped-logo.jpg"}],"twitter_card":"summary_large_image","twitter_misc":{"Becs\u00fclt olvas\u00e1si id\u0151":"1 perc"},"schema":{"@context":"https:\/\/schema.org","@graph":[{"@type":"WebSite","@id":"https:\/\/elektromedi.hu\/#website","url":"https:\/\/elektromedi.hu\/","name":"ELEKTRO-MEDI Hall\u00f3k\u00e9sz\u00fcl\u00e9k \u00e9s Gy\u00f3gy\u00e1szati Seg\u00e9deszk\u00f6z Szak\u00fczlet","description":"Munkat\u00e1rsaink t\u00f6bb \u00e9vtizedes szakmai tapasztalattal seg\u00edtik az \u00fcgyfelek  audiol\u00f3giai vizsg\u00e1lat\u00e1t, rehabilit\u00e1ci\u00f3s \u00e9s gy\u00f3gy\u00e1szati seg\u00e9deszk\u00f6z\u00f6kkel t\u00f6rt\u00e9n\u0151 ell\u00e1t\u00e1s\u00e1t.","potentialAction":[{"@type":"SearchAction","target":{"@type":"EntryPoint","urlTemplate":"https:\/\/elektromedi.hu\/?s={search_term_string}"},"query-input":"required name=search_term_string"}],"inLanguage":"hu"},{"@type":"ImageObject","@id":"https:\/\/elektromedi.hu\/?page_id=72#primaryimage","inLanguage":"hu","url":"https:\/\/elektromedi.hu\/wp-content\/uploads\/2022\/01\/cropped-cropped-logo.jpg","contentUrl":"https:\/\/elektromedi.hu\/wp-content\/uploads\/2022\/01\/cropped-cropped-logo.jpg","width":512,"height":512},{"@type":"WebPage","@id":"https:\/\/elektromedi.hu\/?page_id=72#webpage","url":"https:\/\/elektromedi.hu\/?page_id=72","name":"R\u00f3lunk - ELEKTRO-MEDI Hall\u00f3k\u00e9sz\u00fcl\u00e9k \u00e9s Gy\u00f3gy\u00e1szati Seg\u00e9deszk\u00f6z Szak\u00fczlet","isPartOf":{"@id":"https:\/\/elektromedi.hu\/#website"},"primaryImageOfPage":{"@id":"https:\/\/elektromedi.hu\/?page_id=72#primaryimage"},"datePublished":"2022-01-25T21:42:10+00:00","dateModified":"2022-01-25T21:42:11+00:00","breadcrumb":{"@id":"https:\/\/elektromedi.hu\/?page_id=72#breadcrumb"},"inLanguage":"hu","potentialAction":[{"@type":"ReadAction","target":["https:\/\/elektromedi.hu\/?page_id=72"]}]},{"@type":"BreadcrumbList","@id":"https:\/\/elektromedi.hu\/?page_id=72#breadcrumb","itemListElement":[{"@type":"ListItem","position":1,"name":"Kezd\u0151lap","item":"https:\/\/elektromedi.hu\/"},{"@type":"ListItem","position":2,"name":"R\u00f3lunk"}]}]}},"_links":{"self":[{"href":"https:\/\/elektromedi.hu\/index.php?rest_route=\/wp\/v2\/pages\/72","targetHints":{"allow":["GET"]}}],"collection":[{"href":"https:\/\/elektromedi.hu\/index.php?rest_route=\/wp\/v2\/pages"}],"about":[{"href":"https:\/\/elektromedi.hu\/index.php?rest_route=\/wp\/v2\/types\/page"}],"author":[{"embeddable":true,"href":"https:\/\/elektromedi.hu\/index.php?rest_route=\/wp\/v2\/users\/1"}],"replies":[{"embeddable":true,"href":"https:\/\/elektromedi.hu\/index.php?rest_route=%2Fwp%2Fv2%2Fcomments&post=72"}],"version-history":[{"count":1,"href":"https:\/\/elektromedi.hu\/index.php?rest_route=\/wp\/v2\/pages\/72\/revisions"}],"predecessor-version":[{"id":73,"href":"https:\/\/elektromedi.hu\/index.php?rest_route=\/wp\/v2\/pages\/72\/revisions\/73"}],"wp:attachment":[{"href":"https:\/\/elektromedi.hu\/index.php?rest_route=%2Fwp%2Fv2%2Fmedia&parent=72"}],"curies":[{"name":"wp","href":"https:\/\/api.w.org\/{rel}","templated":true}]}}

Rólunk

<div class="wp-block-image"><figure class="aligncenter size-full is-resized"><img loading="lazy" decoding="async" src="https://elektromedi.hu/wp-content/uploads/2022/01/cropped-cropped-logo.jpg" alt="" class="wp-image-46" width="191" height="191" srcset="https://elektromedi.hu/wp-content/uploads/2022/01/cropped-cropped-logo.jpg 512w, https://elektromedi.hu/wp-content/uploads/2022/01/cropped-cropped-logo-300x300.jpg 300w, https://elektromedi.hu/wp-content/uploads/2022/01/cropped-cropped-logo-150x150.jpg 150w, https://elektromedi.hu/wp-content/uploads/2022/01/cropped-cropped-logo-60x60.jpg 60w" sizes="auto, (max-width: 191px) 100vw, 191px" /></figure></div>



<p> 2005-ben alakult vállalkozásunk. Gyógyászati segédeszközök, hallókészülékek és tartozékaik,<br>egészségmegőrző és gyógyászati termékek forgalmazásával , valamint audiológiai vizsgálatok<br>elvégzésével foglalkozunk.<br>Számos gyógyászati segédeszközt és hallókészüléket gyártó és forgalmazó céggel vagyunk<br>üzleti kapcsolatban.<br>Több ezer termékek elérhetőségét biztosítjuk nagykereskedelmi partnereinken keresztül.<br>Szaküzletünkben a TB által támogatott termékek is megtalálhatóak.<br>Magán egészségpénztári szolgáltatás igénybevételére is lehetőséget biztosítunk.<br>A gyógyászati segédeszköz vényeket beválthatják nálunk melyhez teljeskörű NEAK<br>ügyintézést biztosítunk.<br>Akár otthonában is segítünk felmérni a pácienseinknek a gyógyászati segédeszköz igényeit,<br>beleértve az otthonápolási termékeket , a mozgáskorlátozottak számára mozgást segítő<br>eszközöket, vércukorszintmérőket, vérnyomásmérőket stb. </p>



<p></p>

<p>2005-ben alakult vállalkozásunk. Gyógyászati segédeszközök, hallókészülékek és tartozékaik,egészségmegőrző és gyógyászati &hellip; </p>

<!-- This site is optimized with the Yoast SEO plugin v17.8 - https://yoast.com/wordpress/plugins/seo/ -->
<title>Rólunk - ELEKTRO-MEDI Hallókészülék és Gyógyászati Segédeszköz Szaküzlet</title>
<meta name="robots" content="index, follow, max-snippet:-1, max-image-preview:large, max-video-preview:-1" />
<link rel="canonical" href="https://elektromedi.hu/?page_id=72" />
<meta property="og:locale" content="hu_HU" />
<meta property="og:type" content="article" />
<meta property="og:title" content="Rólunk - ELEKTRO-MEDI Hallókészülék és Gyógyászati Segédeszköz Szaküzlet" />
<meta property="og:description" content="2005-ben alakult vállalkozásunk. Gyógyászati segédeszközök, hallókészülékek és tartozékaik,egészségmegőrző és gyógyászati &hellip;" />
<meta property="og:url" content="https://elektromedi.hu/?page_id=72" />
<meta property="og:site_name" content="ELEKTRO-MEDI Hallókészülék és Gyógyászati Segédeszköz Szaküzlet" />
<meta property="article:modified_time" content="2022-01-25T21:42:11+00:00" />
<meta property="og:image" content="https://elektromedi.hu/wp-content/uploads/2022/01/cropped-cropped-logo.jpg" />
<meta name="twitter:card" content="summary_large_image" />
<meta name="twitter:label1" content="Becsült olvasási idő" />
	<meta name="twitter:data1" content="1 perc" />
<script type="application/ld+json" class="yoast-schema-graph">{"@context":"https://schema.org","@graph":[{"@type":"WebSite","@id":"https://elektromedi.hu/#website","url":"https://elektromedi.hu/","name":"ELEKTRO-MEDI Hall\u00f3k\u00e9sz\u00fcl\u00e9k \u00e9s Gy\u00f3gy\u00e1szati Seg\u00e9deszk\u00f6z Szak\u00fczlet","description":"Munkat\u00e1rsaink t\u00f6bb \u00e9vtizedes szakmai tapasztalattal seg\u00edtik az \u00fcgyfelek  audiol\u00f3giai vizsg\u00e1lat\u00e1t, rehabilit\u00e1ci\u00f3s \u00e9s gy\u00f3gy\u00e1szati seg\u00e9deszk\u00f6z\u00f6kkel t\u00f6rt\u00e9n\u0151 ell\u00e1t\u00e1s\u00e1t.","potentialAction":[{"@type":"SearchAction","target":{"@type":"EntryPoint","urlTemplate":"https://elektromedi.hu/?s={search_term_string}"},"query-input":"required name=search_term_string"}],"inLanguage":"hu"},{"@type":"ImageObject","@id":"https://elektromedi.hu/?page_id=72#primaryimage","inLanguage":"hu","url":"https://elektromedi.hu/wp-content/uploads/2022/01/cropped-cropped-logo.jpg","contentUrl":"https://elektromedi.hu/wp-content/uploads/2022/01/cropped-cropped-logo.jpg","width":512,"height":512},{"@type":"WebPage","@id":"https://elektromedi.hu/?page_id=72#webpage","url":"https://elektromedi.hu/?page_id=72","name":"R\u00f3lunk - ELEKTRO-MEDI Hall\u00f3k\u00e9sz\u00fcl\u00e9k \u00e9s Gy\u00f3gy\u00e1szati Seg\u00e9deszk\u00f6z Szak\u00fczlet","isPartOf":{"@id":"https://elektromedi.hu/#website"},"primaryImageOfPage":{"@id":"https://elektromedi.hu/?page_id=72#primaryimage"},"datePublished":"2022-01-25T21:42:10+00:00","dateModified":"2022-01-25T21:42:11+00:00","breadcrumb":{"@id":"https://elektromedi.hu/?page_id=72#breadcrumb"},"inLanguage":"hu","potentialAction":[{"@type":"ReadAction","target":["https://elektromedi.hu/?page_id=72"]}]},{"@type":"BreadcrumbList","@id":"https://elektromedi.hu/?page_id=72#breadcrumb","itemListElement":[{"@type":"ListItem","position":1,"name":"Kezd\u0151lap","item":"https://elektromedi.hu/"},{"@type":"ListItem","position":2,"name":"R\u00f3lunk"}]}]}</script>
<!-- / Yoast SEO plugin. -->

Rólunk - ELEKTRO-MEDI Hallókészülék és Gyógyászati Segédeszköz Szaküzlet

2005-ben alakult vállalkozásunk. Gyógyászati segédeszközök, hallókészülékek és tartozékaik,egészségmegőrző és gyógyászati &hellip;

ELEKTRO-MEDI Hallókészülék és Gyógyászati Segédeszköz Szaküzlet

Munkatársaink több évtizedes szakmai tapasztalattal segítik az ügyfelek  audiológiai vizsgálatát, rehabilitációs és gyógyászati segédeszközökkel történő ellátását.

Kezdőlap
