{"id":28,"date":"2022-01-23T22:19:02","date_gmt":"2022-01-23T22:19:02","guid":{"rendered":"https:\/\/elektromedi.hu\/?page_id=28"},"modified":"2022-02-17T20:18:31","modified_gmt":"2022-02-17T20:18:31","slug":"elerhetoseg","status":"publish","type":"page","link":"https:\/\/elektromedi.hu\/?page_id=28","title":{"rendered":"El\u00e9rhet\u0151s\u00e9g"},"content":{"rendered":"\r\n<p>&nbsp;<\/p>\r\n\r\n\r\n\r\n<p class=\"has-text-align-center\"><strong>Elektro-Medi Kft<\/strong><br \/>6600 Szentes Szabads\u00e1g t\u00e9r 4-5 fsz 1.<br \/>Tel:+36 30 8488977<br \/>email: <a href=\"mailto:elektromedikft@gmail.com\" target=\"_blank\" rel=\"noreferrer noopener\">elektromedikft@gmail.com<\/a><br \/>facebook: <a href=\"http:\/\/www.facebook.com\/elektromedi\" target=\"_blank\" rel=\"noreferrer noopener\">www.facebook.com\/elektromedi<\/a><\/p>\r\n<p>&nbsp;<\/p>\r\n<p><strong>Nyitva tart\u00e1s:<\/strong><\/p>\r\n<p>H\u00e9tf\u0151:\u00a0 \u00a0 \u00a0 \u00a0 \u00a08:30-11:30<\/p>\r\n<p>Kedd:\u00a0 \u00a0 \u00a0 \u00a0 \u00a0 8:30-16:00<\/p>\r\n<p>Szerda:\u00a0 \u00a0 \u00a0 \u00a0 8:30-11:30<\/p>\r\n<p>Cs\u00fct\u00f6rt\u00f6k:\u00a0 \u00a08:00-14:30<\/p>\r\n","protected":false},"excerpt":{"rendered":"<p>&nbsp; Elektro-Medi Kft6600 Szentes Szabads\u00e1g t\u00e9r 4-5 fsz 1.Tel:+36 30 &hellip; <\/p>\n","protected":false},"author":1,"featured_media":0,"parent":0,"menu_order":0,"comment_status":"closed","ping_status":"closed","template":"","meta":{"spay_email":"","footnotes":""},"class_list":["post-28","page","type-page","status-publish","hentry"],"yoast_head":"<!-- This site is optimized with the Yoast SEO plugin v17.8 - https:\/\/yoast.com\/wordpress\/plugins\/seo\/ -->\n<title>El\u00e9rhet\u0151s\u00e9g - ELEKTRO-MEDI Hall\u00f3k\u00e9sz\u00fcl\u00e9k \u00e9s Gy\u00f3gy\u00e1szati Seg\u00e9deszk\u00f6z Szak\u00fczlet<\/title>\n<meta name=\"robots\" content=\"index, follow, max-snippet:-1, max-image-preview:large, max-video-preview:-1\" \/>\n<link rel=\"canonical\" href=\"https:\/\/elektromedi.hu\/?page_id=28\" \/>\n<meta property=\"og:locale\" content=\"hu_HU\" \/>\n<meta property=\"og:type\" content=\"article\" \/>\n<meta property=\"og:title\" content=\"El\u00e9rhet\u0151s\u00e9g - ELEKTRO-MEDI Hall\u00f3k\u00e9sz\u00fcl\u00e9k \u00e9s Gy\u00f3gy\u00e1szati Seg\u00e9deszk\u00f6z Szak\u00fczlet\" \/>\n<meta property=\"og:description\" content=\"&nbsp; Elektro-Medi Kft6600 Szentes Szabads\u00e1g t\u00e9r 4-5 fsz 1.Tel:+36 30 &hellip;\" \/>\n<meta property=\"og:url\" content=\"https:\/\/elektromedi.hu\/?page_id=28\" \/>\n<meta property=\"og:site_name\" content=\"ELEKTRO-MEDI Hall\u00f3k\u00e9sz\u00fcl\u00e9k \u00e9s Gy\u00f3gy\u00e1szati Seg\u00e9deszk\u00f6z Szak\u00fczlet\" \/>\n<meta property=\"article:modified_time\" content=\"2022-02-17T20:18:31+00:00\" \/>\n<meta name=\"twitter:card\" content=\"summary_large_image\" \/>\n<meta name=\"twitter:label1\" content=\"Becs\u00fclt olvas\u00e1si id\u0151\" \/>\n\t<meta name=\"twitter:data1\" content=\"1 perc\" \/>\n<script type=\"application\/ld+json\" class=\"yoast-schema-graph\">{\"@context\":\"https:\/\/schema.org\",\"@graph\":[{\"@type\":\"WebSite\",\"@id\":\"https:\/\/elektromedi.hu\/#website\",\"url\":\"https:\/\/elektromedi.hu\/\",\"name\":\"ELEKTRO-MEDI Hall\\u00f3k\\u00e9sz\\u00fcl\\u00e9k \\u00e9s Gy\\u00f3gy\\u00e1szati Seg\\u00e9deszk\\u00f6z Szak\\u00fczlet\",\"description\":\"Munkat\\u00e1rsaink t\\u00f6bb \\u00e9vtizedes szakmai tapasztalattal seg\\u00edtik az \\u00fcgyfelek  audiol\\u00f3giai vizsg\\u00e1lat\\u00e1t, rehabilit\\u00e1ci\\u00f3s \\u00e9s gy\\u00f3gy\\u00e1szati seg\\u00e9deszk\\u00f6z\\u00f6kkel t\\u00f6rt\\u00e9n\\u0151 ell\\u00e1t\\u00e1s\\u00e1t.\",\"potentialAction\":[{\"@type\":\"SearchAction\",\"target\":{\"@type\":\"EntryPoint\",\"urlTemplate\":\"https:\/\/elektromedi.hu\/?s={search_term_string}\"},\"query-input\":\"required name=search_term_string\"}],\"inLanguage\":\"hu\"},{\"@type\":\"WebPage\",\"@id\":\"https:\/\/elektromedi.hu\/?page_id=28#webpage\",\"url\":\"https:\/\/elektromedi.hu\/?page_id=28\",\"name\":\"El\\u00e9rhet\\u0151s\\u00e9g - ELEKTRO-MEDI Hall\\u00f3k\\u00e9sz\\u00fcl\\u00e9k \\u00e9s Gy\\u00f3gy\\u00e1szati Seg\\u00e9deszk\\u00f6z Szak\\u00fczlet\",\"isPartOf\":{\"@id\":\"https:\/\/elektromedi.hu\/#website\"},\"datePublished\":\"2022-01-23T22:19:02+00:00\",\"dateModified\":\"2022-02-17T20:18:31+00:00\",\"breadcrumb\":{\"@id\":\"https:\/\/elektromedi.hu\/?page_id=28#breadcrumb\"},\"inLanguage\":\"hu\",\"potentialAction\":[{\"@type\":\"ReadAction\",\"target\":[\"https:\/\/elektromedi.hu\/?page_id=28\"]}]},{\"@type\":\"BreadcrumbList\",\"@id\":\"https:\/\/elektromedi.hu\/?page_id=28#breadcrumb\",\"itemListElement\":[{\"@type\":\"ListItem\",\"position\":1,\"name\":\"Kezd\\u0151lap\",\"item\":\"https:\/\/elektromedi.hu\/\"},{\"@type\":\"ListItem\",\"position\":2,\"name\":\"El\\u00e9rhet\\u0151s\\u00e9g\"}]}]}<\/script>\n<!-- \/ Yoast SEO plugin. -->","yoast_head_json":{"title":"El\u00e9rhet\u0151s\u00e9g - ELEKTRO-MEDI Hall\u00f3k\u00e9sz\u00fcl\u00e9k \u00e9s Gy\u00f3gy\u00e1szati Seg\u00e9deszk\u00f6z Szak\u00fczlet","robots":{"index":"index","follow":"follow","max-snippet":"max-snippet:-1","max-image-preview":"max-image-preview:large","max-video-preview":"max-video-preview:-1"},"canonical":"https:\/\/elektromedi.hu\/?page_id=28","og_locale":"hu_HU","og_type":"article","og_title":"El\u00e9rhet\u0151s\u00e9g - ELEKTRO-MEDI Hall\u00f3k\u00e9sz\u00fcl\u00e9k \u00e9s Gy\u00f3gy\u00e1szati Seg\u00e9deszk\u00f6z Szak\u00fczlet","og_description":"&nbsp; Elektro-Medi Kft6600 Szentes Szabads\u00e1g t\u00e9r 4-5 fsz 1.Tel:+36 30 &hellip;","og_url":"https:\/\/elektromedi.hu\/?page_id=28","og_site_name":"ELEKTRO-MEDI Hall\u00f3k\u00e9sz\u00fcl\u00e9k \u00e9s Gy\u00f3gy\u00e1szati Seg\u00e9deszk\u00f6z Szak\u00fczlet","article_modified_time":"2022-02-17T20:18:31+00:00","twitter_card":"summary_large_image","twitter_misc":{"Becs\u00fclt olvas\u00e1si id\u0151":"1 perc"},"schema":{"@context":"https:\/\/schema.org","@graph":[{"@type":"WebSite","@id":"https:\/\/elektromedi.hu\/#website","url":"https:\/\/elektromedi.hu\/","name":"ELEKTRO-MEDI Hall\u00f3k\u00e9sz\u00fcl\u00e9k \u00e9s Gy\u00f3gy\u00e1szati Seg\u00e9deszk\u00f6z Szak\u00fczlet","description":"Munkat\u00e1rsaink t\u00f6bb \u00e9vtizedes szakmai tapasztalattal seg\u00edtik az \u00fcgyfelek  audiol\u00f3giai vizsg\u00e1lat\u00e1t, rehabilit\u00e1ci\u00f3s \u00e9s gy\u00f3gy\u00e1szati seg\u00e9deszk\u00f6z\u00f6kkel t\u00f6rt\u00e9n\u0151 ell\u00e1t\u00e1s\u00e1t.","potentialAction":[{"@type":"SearchAction","target":{"@type":"EntryPoint","urlTemplate":"https:\/\/elektromedi.hu\/?s={search_term_string}"},"query-input":"required name=search_term_string"}],"inLanguage":"hu"},{"@type":"WebPage","@id":"https:\/\/elektromedi.hu\/?page_id=28#webpage","url":"https:\/\/elektromedi.hu\/?page_id=28","name":"El\u00e9rhet\u0151s\u00e9g - ELEKTRO-MEDI Hall\u00f3k\u00e9sz\u00fcl\u00e9k \u00e9s Gy\u00f3gy\u00e1szati Seg\u00e9deszk\u00f6z Szak\u00fczlet","isPartOf":{"@id":"https:\/\/elektromedi.hu\/#website"},"datePublished":"2022-01-23T22:19:02+00:00","dateModified":"2022-02-17T20:18:31+00:00","breadcrumb":{"@id":"https:\/\/elektromedi.hu\/?page_id=28#breadcrumb"},"inLanguage":"hu","potentialAction":[{"@type":"ReadAction","target":["https:\/\/elektromedi.hu\/?page_id=28"]}]},{"@type":"BreadcrumbList","@id":"https:\/\/elektromedi.hu\/?page_id=28#breadcrumb","itemListElement":[{"@type":"ListItem","position":1,"name":"Kezd\u0151lap","item":"https:\/\/elektromedi.hu\/"},{"@type":"ListItem","position":2,"name":"El\u00e9rhet\u0151s\u00e9g"}]}]}},"_links":{"self":[{"href":"https:\/\/elektromedi.hu\/index.php?rest_route=\/wp\/v2\/pages\/28","targetHints":{"allow":["GET"]}}],"collection":[{"href":"https:\/\/elektromedi.hu\/index.php?rest_route=\/wp\/v2\/pages"}],"about":[{"href":"https:\/\/elektromedi.hu\/index.php?rest_route=\/wp\/v2\/types\/page"}],"author":[{"embeddable":true,"href":"https:\/\/elektromedi.hu\/index.php?rest_route=\/wp\/v2\/users\/1"}],"replies":[{"embeddable":true,"href":"https:\/\/elektromedi.hu\/index.php?rest_route=%2Fwp%2Fv2%2Fcomments&post=28"}],"version-history":[{"count":4,"href":"https:\/\/elektromedi.hu\/index.php?rest_route=\/wp\/v2\/pages\/28\/revisions"}],"predecessor-version":[{"id":118,"href":"https:\/\/elektromedi.hu\/index.php?rest_route=\/wp\/v2\/pages\/28\/revisions\/118"}],"wp:attachment":[{"href":"https:\/\/elektromedi.hu\/index.php?rest_route=%2Fwp%2Fv2%2Fmedia&parent=28"}],"curies":[{"name":"wp","href":"https:\/\/api.w.org\/{rel}","templated":true}]}}

Elérhetőség

<p>&nbsp;</p>



<p class="has-text-align-center"><strong>Elektro-Medi Kft</strong><br />6600 Szentes Szabadság tér 4-5 fsz 1.<br />Tel:+36 30 8488977<br />email: <a href="mailto:elektromedikft@gmail.com" target="_blank" rel="noreferrer noopener">elektromedikft@gmail.com</a><br />facebook: <a href="http://www.facebook.com/elektromedi" target="_blank" rel="noreferrer noopener">www.facebook.com/elektromedi</a></p>
<p>&nbsp;</p>
<p><strong>Nyitva tartás:</strong></p>
<p>Hétfő:         8:30-11:30</p>
<p>Kedd:          8:30-16:00</p>
<p>Szerda:        8:30-11:30</p>
<p>Csütörtök:   8:00-14:30</p>

<p>&nbsp; Elektro-Medi Kft6600 Szentes Szabadság tér 4-5 fsz 1.Tel:+36 30 &hellip; </p>

<!-- This site is optimized with the Yoast SEO plugin v17.8 - https://yoast.com/wordpress/plugins/seo/ -->
<title>Elérhetőség - ELEKTRO-MEDI Hallókészülék és Gyógyászati Segédeszköz Szaküzlet</title>
<meta name="robots" content="index, follow, max-snippet:-1, max-image-preview:large, max-video-preview:-1" />
<link rel="canonical" href="https://elektromedi.hu/?page_id=28" />
<meta property="og:locale" content="hu_HU" />
<meta property="og:type" content="article" />
<meta property="og:title" content="Elérhetőség - ELEKTRO-MEDI Hallókészülék és Gyógyászati Segédeszköz Szaküzlet" />
<meta property="og:description" content="&nbsp; Elektro-Medi Kft6600 Szentes Szabadság tér 4-5 fsz 1.Tel:+36 30 &hellip;" />
<meta property="og:url" content="https://elektromedi.hu/?page_id=28" />
<meta property="og:site_name" content="ELEKTRO-MEDI Hallókészülék és Gyógyászati Segédeszköz Szaküzlet" />
<meta property="article:modified_time" content="2022-02-17T20:18:31+00:00" />
<meta name="twitter:card" content="summary_large_image" />
<meta name="twitter:label1" content="Becsült olvasási idő" />
	<meta name="twitter:data1" content="1 perc" />
<script type="application/ld+json" class="yoast-schema-graph">{"@context":"https://schema.org","@graph":[{"@type":"WebSite","@id":"https://elektromedi.hu/#website","url":"https://elektromedi.hu/","name":"ELEKTRO-MEDI Hall\u00f3k\u00e9sz\u00fcl\u00e9k \u00e9s Gy\u00f3gy\u00e1szati Seg\u00e9deszk\u00f6z Szak\u00fczlet","description":"Munkat\u00e1rsaink t\u00f6bb \u00e9vtizedes szakmai tapasztalattal seg\u00edtik az \u00fcgyfelek  audiol\u00f3giai vizsg\u00e1lat\u00e1t, rehabilit\u00e1ci\u00f3s \u00e9s gy\u00f3gy\u00e1szati seg\u00e9deszk\u00f6z\u00f6kkel t\u00f6rt\u00e9n\u0151 ell\u00e1t\u00e1s\u00e1t.","potentialAction":[{"@type":"SearchAction","target":{"@type":"EntryPoint","urlTemplate":"https://elektromedi.hu/?s={search_term_string}"},"query-input":"required name=search_term_string"}],"inLanguage":"hu"},{"@type":"WebPage","@id":"https://elektromedi.hu/?page_id=28#webpage","url":"https://elektromedi.hu/?page_id=28","name":"El\u00e9rhet\u0151s\u00e9g - ELEKTRO-MEDI Hall\u00f3k\u00e9sz\u00fcl\u00e9k \u00e9s Gy\u00f3gy\u00e1szati Seg\u00e9deszk\u00f6z Szak\u00fczlet","isPartOf":{"@id":"https://elektromedi.hu/#website"},"datePublished":"2022-01-23T22:19:02+00:00","dateModified":"2022-02-17T20:18:31+00:00","breadcrumb":{"@id":"https://elektromedi.hu/?page_id=28#breadcrumb"},"inLanguage":"hu","potentialAction":[{"@type":"ReadAction","target":["https://elektromedi.hu/?page_id=28"]}]},{"@type":"BreadcrumbList","@id":"https://elektromedi.hu/?page_id=28#breadcrumb","itemListElement":[{"@type":"ListItem","position":1,"name":"Kezd\u0151lap","item":"https://elektromedi.hu/"},{"@type":"ListItem","position":2,"name":"El\u00e9rhet\u0151s\u00e9g"}]}]}</script>
<!-- / Yoast SEO plugin. -->

Elérhetőség - ELEKTRO-MEDI Hallókészülék és Gyógyászati Segédeszköz Szaküzlet

&nbsp; Elektro-Medi Kft6600 Szentes Szabadság tér 4-5 fsz 1.Tel:+36 30 &hellip;

ELEKTRO-MEDI Hallókészülék és Gyógyászati Segédeszköz Szaküzlet

Munkatársaink több évtizedes szakmai tapasztalattal segítik az ügyfelek  audiológiai vizsgálatát, rehabilitációs és gyógyászati segédeszközökkel történő ellátását.

Kezdőlap
